{"id":2707,"date":"2024-11-14T00:32:39","date_gmt":"2024-11-13T23:32:39","guid":{"rendered":"http:\/\/comnova.de\/website\/?page_id=2707"},"modified":"2024-11-22T06:59:21","modified_gmt":"2024-11-22T05:59:21","slug":"tr-5i-series-de","status":"publish","type":"page","link":"http:\/\/comnova.de\/website\/de\/leistungen\/td-distributor-de\/tr-5i-series-de\/","title":{"rendered":"TR-5i Series de"},"content":{"rendered":"\n<p class=\"has-vivid-red-color has-text-color has-link-color wp-elements-0723dd8bb70c4f440d7dace602472efd\" style=\"font-size:30px\">TR-5i Series<\/p>\n\n\n\n<p>Unsere TR-5i Serie von Datenloggern ist f\u00fcr die Messung und Aufnahme von Temperaturen, Stromst\u00e4rken zwischen 4mA und 20mA und Impulsen geeignet. Der K\u00f6rper des Datenloggers ist wasserdicht und ist f\u00fcr ein Temperaturumfeld von -40\u00b0C bis zu 80\u00b0C entworfen. Des weiteren kann der mit Batteriestrom versorgte Datenlogger auch an Orten eingesetzt werden, an denen sich kein Stromanschluss befindet. Die aufgenommenen Daten k\u00f6nnen \u00fcber den seperat erh\u00e4ltlichen \u201eKommunikation Port TR-50U2\u201c oder den \u201eDatensammer TR-57DCi\u201c an einen PC \u00fcbertragen werden. Benutzer k\u00f6nnen die Daten so graphisch auswerten.<br>Au\u00dferdem eignet sich der Datenlogger TR-57DCi f\u00fcr die direkte Auswertung vor Ort. Eine mauelle Datensammlung ist so nicht mehr n\u00f6tig. <\/p>\n\n\n\n<div style=\"height:60px\" aria-hidden=\"true\" class=\"wp-block-spacer\"><\/div>\n\n\n\n<div class=\"wp-block-columns are-vertically-aligned-center is-layout-flex wp-container-core-columns-is-layout-28f84493 wp-block-columns-is-layout-flex\">\n<div class=\"wp-block-column is-vertically-aligned-center is-layout-flow wp-block-column-is-layout-flow\">\n<figure class=\"wp-block-image size-full\"><a href=\"http:\/\/comnova.de\/website\/de\/td-distributor-de\/tr-5i-series-de\/tr-51i-de\/\"><img loading=\"lazy\" decoding=\"async\" width=\"190\" height=\"111\" src=\"http:\/\/comnova.de\/website\/wp-content\/uploads\/2024\/11\/TR-51i.jpg\" alt=\"\" class=\"wp-image-2686\" style=\"box-shadow:var(--wp--preset--shadow--natural)\"\/><\/a><\/figure>\n\n\n\n<p><a href=\"http:\/\/comnova.de\/website\/de\/td-distributor-de\/tr-5i-series-de\/tr-51i-de\/\" data-type=\"page\" data-id=\"2728\">TR-51i<\/a><\/p>\n<\/div>\n\n\n\n<div class=\"wp-block-column is-vertically-aligned-center is-layout-flow wp-block-column-is-layout-flow\">\n<div class=\"wp-block-group is-layout-constrained wp-block-group-is-layout-constrained\">\n<figure class=\"wp-block-image size-full\"><a href=\"http:\/\/comnova.de\/website\/de\/td-distributor-de\/tr-5i-series-de\/tr-52i-de\/\"><img loading=\"lazy\" decoding=\"async\" width=\"190\" height=\"111\" src=\"http:\/\/comnova.de\/website\/wp-content\/uploads\/2024\/11\/TR-52i.jpg\" alt=\"\" class=\"wp-image-2695\" style=\"box-shadow:var(--wp--preset--shadow--natural)\"\/><\/a><\/figure>\n\n\n\n<p><a href=\"http:\/\/comnova.de\/website\/de\/td-distributor-de\/tr-5i-series-de\/tr-52i-de\/\" data-type=\"page\" data-id=\"2758\">TR-52i<\/a><\/p>\n<\/div>\n<\/div>\n\n\n\n<div class=\"wp-block-column is-vertically-aligned-center is-layout-flow wp-block-column-is-layout-flow\">\n<div class=\"wp-block-group is-layout-constrained wp-block-group-is-layout-constrained\">\n<figure class=\"wp-block-image size-full\"><a href=\"http:\/\/comnova.de\/website\/de\/td-distributor-de\/tr-5i-series-de\/tr-55i-tc-de\/\"><img loading=\"lazy\" decoding=\"async\" width=\"190\" height=\"111\" src=\"http:\/\/comnova.de\/website\/wp-content\/uploads\/2024\/11\/TR-55i-TC.jpg\" alt=\"\" class=\"wp-image-2696\" style=\"box-shadow:var(--wp--preset--shadow--natural)\"\/><\/a><\/figure>\n\n\n\n<p><a href=\"http:\/\/comnova.de\/website\/de\/td-distributor-de\/tr-5i-series-de\/tr-55i-tc-de\/\" data-type=\"page\" data-id=\"2786\">TR-55i-TC<\/a><\/p>\n<\/div>\n<\/div>\n\n\n\n<div class=\"wp-block-column is-vertically-aligned-center is-layout-flow wp-block-column-is-layout-flow\">\n<div class=\"wp-block-group is-layout-constrained wp-block-group-is-layout-constrained\">\n<figure class=\"wp-block-image size-full\"><a href=\"http:\/\/comnova.de\/website\/de\/td-distributor-de\/tr-5i-series-de\/tr-55i-pt-de\/\"><img loading=\"lazy\" decoding=\"async\" width=\"190\" height=\"111\" src=\"http:\/\/comnova.de\/website\/wp-content\/uploads\/2024\/11\/TR-55i-PT.jpg\" alt=\"\" class=\"wp-image-2698\" style=\"box-shadow:var(--wp--preset--shadow--natural)\"\/><\/a><\/figure>\n\n\n\n<p><a href=\"http:\/\/comnova.de\/website\/de\/td-distributor-de\/tr-5i-series-de\/tr-55i-pt-de\/\" data-type=\"page\" data-id=\"2794\">TR-55i-PT<\/a><\/p>\n<\/div>\n<\/div>\n<\/div>\n\n\n\n<div style=\"height:20px\" aria-hidden=\"true\" class=\"wp-block-spacer\"><\/div>\n\n\n\n<div class=\"wp-block-columns are-vertically-aligned-center is-layout-flex wp-container-core-columns-is-layout-28f84493 wp-block-columns-is-layout-flex\">\n<div class=\"wp-block-column is-vertically-aligned-center is-layout-flow wp-block-column-is-layout-flow\">\n<figure class=\"wp-block-image size-full\"><a href=\"http:\/\/comnova.de\/website\/de\/td-distributor-de\/tr-5i-series-de\/tr-55i-v-de\/\"><img loading=\"lazy\" decoding=\"async\" width=\"190\" height=\"111\" src=\"http:\/\/comnova.de\/website\/wp-content\/uploads\/2024\/11\/TR-55i-V.jpg\" alt=\"\" class=\"wp-image-2699\" style=\"box-shadow:var(--wp--preset--shadow--natural)\"\/><\/a><\/figure>\n\n\n\n<p><a href=\"http:\/\/comnova.de\/website\/de\/td-distributor-de\/tr-5i-series-de\/tr-55i-v-de\/\" data-type=\"page\" data-id=\"2800\">TR-55i-V<\/a><\/p>\n<\/div>\n\n\n\n<div class=\"wp-block-column is-vertically-aligned-center is-layout-flow wp-block-column-is-layout-flow\">\n<div class=\"wp-block-group is-layout-constrained wp-block-group-is-layout-constrained\">\n<figure class=\"wp-block-image size-full\"><a href=\"http:\/\/comnova.de\/website\/de\/td-distributor-de\/tr-5i-series-de\/tr-55i-ma-de\/\"><img loading=\"lazy\" decoding=\"async\" width=\"190\" height=\"111\" src=\"http:\/\/comnova.de\/website\/wp-content\/uploads\/2024\/11\/TR-55i-MA.jpg\" alt=\"\" class=\"wp-image-2700\" style=\"box-shadow:var(--wp--preset--shadow--natural)\"\/><\/a><\/figure>\n\n\n\n<p><a href=\"http:\/\/comnova.de\/website\/de\/td-distributor-de\/tr-5i-series-de\/tr-55i-ma-de\/\" data-type=\"page\" data-id=\"2809\">TR-55i-mA<\/a><\/p>\n<\/div>\n<\/div>\n\n\n\n<div class=\"wp-block-column is-vertically-aligned-center is-layout-flow wp-block-column-is-layout-flow\">\n<div class=\"wp-block-group is-layout-constrained wp-block-group-is-layout-constrained\">\n<figure class=\"wp-block-image size-full\"><a href=\"http:\/\/comnova.de\/website\/de\/td-distributor-de\/tr-5i-series-de\/tr-55i-p-de\/\"><img loading=\"lazy\" decoding=\"async\" width=\"190\" height=\"111\" src=\"http:\/\/comnova.de\/website\/wp-content\/uploads\/2024\/11\/TR-55i-P.jpg\" alt=\"\" class=\"wp-image-2701\" style=\"box-shadow:var(--wp--preset--shadow--natural)\"\/><\/a><\/figure>\n\n\n\n<p><a href=\"http:\/\/comnova.de\/website\/de\/td-distributor-de\/tr-5i-series-de\/tr-55i-p-de\/\" data-type=\"page\" data-id=\"2818\">TR-55i-P<\/a><\/p>\n<\/div>\n<\/div>\n\n\n\n<div class=\"wp-block-column is-vertically-aligned-center is-layout-flow wp-block-column-is-layout-flow\"><\/div>\n<\/div>\n\n\n\n<hr class=\"wp-block-separator has-text-color has-ast-global-color-7-color has-alpha-channel-opacity has-ast-global-color-7-background-color has-background is-style-wide\"\/>\n\n\n\n<div class=\"wp-block-columns is-layout-flex wp-container-core-columns-is-layout-28f84493 wp-block-columns-is-layout-flex\">\n<div class=\"wp-block-column is-layout-flow wp-block-column-is-layout-flow\">\n<figure class=\"wp-block-image size-full\"><a href=\"http:\/\/comnova.de\/website\/de\/td-distributor-de\/tr-5i-series-de\/tr-50u2-de\/\"><img loading=\"lazy\" decoding=\"async\" width=\"190\" height=\"111\" src=\"http:\/\/comnova.de\/website\/wp-content\/uploads\/2024\/11\/TR-50U2.jpg\" alt=\"\" class=\"wp-image-2702\" style=\"box-shadow:var(--wp--preset--shadow--natural)\"\/><\/a><\/figure>\n\n\n\n<p><a href=\"http:\/\/comnova.de\/website\/de\/td-distributor-de\/tr-5i-series-de\/tr-50u2-de\/\" data-type=\"page\" data-id=\"2825\">TR-50U2<\/a><\/p>\n<\/div>\n\n\n\n<div class=\"wp-block-column is-layout-flow wp-block-column-is-layout-flow\">\n<div class=\"wp-block-group is-layout-constrained wp-block-group-is-layout-constrained\">\n<figure class=\"wp-block-image size-full\"><a href=\"http:\/\/comnova.de\/website\/de\/td-distributor-de\/tr-5i-series-de\/tr-57dci-de\/\"><img loading=\"lazy\" decoding=\"async\" width=\"190\" height=\"111\" src=\"http:\/\/comnova.de\/website\/wp-content\/uploads\/2024\/11\/TR-57DCi.jpg\" alt=\"\" class=\"wp-image-2703\" style=\"box-shadow:var(--wp--preset--shadow--natural)\"\/><\/a><\/figure>\n\n\n\n<p><a href=\"http:\/\/comnova.de\/website\/de\/td-distributor-de\/tr-5i-series-de\/tr-57dci-de\/\" data-type=\"page\" data-id=\"2833\">TR-57DCi<\/a><\/p>\n<\/div>\n<\/div>\n\n\n\n<div class=\"wp-block-column is-layout-flow wp-block-column-is-layout-flow\"><\/div>\n\n\n\n<div class=\"wp-block-column is-layout-flow wp-block-column-is-layout-flow\"><\/div>\n<\/div>\n\n\n\n<hr class=\"wp-block-separator has-text-color has-ast-global-color-7-color has-alpha-channel-opacity has-ast-global-color-7-background-color has-background is-style-wide\"\/>\n\n\n\n<figure class=\"wp-block-image size-full\"><img loading=\"lazy\" decoding=\"async\" width=\"74\" height=\"30\" src=\"http:\/\/comnova.de\/website\/wp-content\/uploads\/2024\/11\/comnova-tandd.png\" alt=\"\" class=\"wp-image-2704\"\/><\/figure>\n","protected":false},"excerpt":{"rendered":"<p>TR-5i Series Unsere TR-5i Serie von Datenloggern ist f\u00fcr die Messung und Aufnahme von Temperaturen, Stromst\u00e4rken zwischen 4mA und 20mA und Impulsen geeignet. Der K\u00f6rper des Datenloggers ist wasserdicht und ist f\u00fcr ein Temperaturumfeld von -40\u00b0C bis zu 80\u00b0C entworfen. Des weiteren kann der mit Batteriestrom versorgte Datenlogger auch an Orten eingesetzt werden, an denen [&hellip;]<\/p>\n","protected":false},"author":1,"featured_media":0,"parent":2190,"menu_order":0,"comment_status":"closed","ping_status":"closed","template":"","meta":{"_uag_custom_page_level_css":"","site-sidebar-layout":"default","site-content-layout":"","ast-site-content-layout":"default","site-content-style":"default","site-sidebar-style":"default","ast-global-header-display":"","ast-banner-title-visibility":"","ast-main-header-display":"","ast-hfb-above-header-display":"","ast-hfb-below-header-display":"","ast-hfb-mobile-header-display":"","site-post-title":"disabled","ast-breadcrumbs-content":"","ast-featured-img":"","footer-sml-layout":"","theme-transparent-header-meta":"","adv-header-id-meta":"","stick-header-meta":"","header-above-stick-meta":"","header-main-stick-meta":"","header-below-stick-meta":"","astra-migrate-meta-layouts":"set","ast-page-background-enabled":"default","ast-page-background-meta":{"desktop":{"background-color":"var(--ast-global-color-4)","background-image":"","background-repeat":"repeat","background-position":"center center","background-size":"auto","background-attachment":"scroll","background-type":"","background-media":"","overlay-type":"","overlay-color":"","overlay-opacity":"","overlay-gradient":""},"tablet":{"background-color":"","background-image":"","background-repeat":"repeat","background-position":"center center","background-size":"auto","background-attachment":"scroll","background-type":"","background-media":"","overlay-type":"","overlay-color":"","overlay-opacity":"","overlay-gradient":""},"mobile":{"background-color":"","background-image":"","background-repeat":"repeat","background-position":"center center","background-size":"auto","background-attachment":"scroll","background-type":"","background-media":"","overlay-type":"","overlay-color":"","overlay-opacity":"","overlay-gradient":""}},"ast-content-background-meta":{"desktop":{"background-color":"var(--ast-global-color-5)","background-image":"","background-repeat":"repeat","background-position":"center center","background-size":"auto","background-attachment":"scroll","background-type":"","background-media":"","overlay-type":"","overlay-color":"","overlay-opacity":"","overlay-gradient":""},"tablet":{"background-color":"var(--ast-global-color-5)","background-image":"","background-repeat":"repeat","background-position":"center center","background-size":"auto","background-attachment":"scroll","background-type":"","background-media":"","overlay-type":"","overlay-color":"","overlay-opacity":"","overlay-gradient":""},"mobile":{"background-color":"var(--ast-global-color-5)","background-image":"","background-repeat":"repeat","background-position":"center center","background-size":"auto","background-attachment":"scroll","background-type":"","background-media":"","overlay-type":"","overlay-color":"","overlay-opacity":"","overlay-gradient":""}},"footnotes":""},"class_list":["post-2707","page","type-page","status-publish","hentry"],"yoast_head":"<!-- This site is optimized with the Yoast SEO plugin v25.3 - https:\/\/yoast.com\/wordpress\/plugins\/seo\/ -->\n<title>TR-5i Series de - Comnova GmbH<\/title>\n<meta name=\"robots\" content=\"index, follow, max-snippet:-1, max-image-preview:large, max-video-preview:-1\" \/>\n<link rel=\"canonical\" href=\"http:\/\/comnova.de\/website\/de\/leistungen\/td-distributor-de\/tr-5i-series-de\/\" \/>\n<meta property=\"og:locale\" content=\"en_US\" \/>\n<meta property=\"og:type\" content=\"article\" \/>\n<meta property=\"og:title\" content=\"TR-5i Series de - Comnova GmbH\" \/>\n<meta property=\"og:description\" content=\"TR-5i Series Unsere TR-5i Serie von Datenloggern ist f\u00fcr die Messung und Aufnahme von Temperaturen, Stromst\u00e4rken zwischen 4mA und 20mA und Impulsen geeignet. Der K\u00f6rper des Datenloggers ist wasserdicht und ist f\u00fcr ein Temperaturumfeld von -40\u00b0C bis zu 80\u00b0C entworfen. Des weiteren kann der mit Batteriestrom versorgte Datenlogger auch an Orten eingesetzt werden, an denen [&hellip;]\" \/>\n<meta property=\"og:url\" content=\"http:\/\/comnova.de\/website\/de\/leistungen\/td-distributor-de\/tr-5i-series-de\/\" \/>\n<meta property=\"og:site_name\" content=\"Comnova GmbH\" \/>\n<meta property=\"article:modified_time\" content=\"2024-11-22T05:59:21+00:00\" \/>\n<meta property=\"og:image\" content=\"http:\/\/comnova.de\/website\/wp-content\/uploads\/2024\/11\/TR-51i.jpg\" \/>\n<meta name=\"twitter:card\" content=\"summary_large_image\" \/>\n<meta name=\"twitter:label1\" content=\"Est. reading time\" \/>\n\t<meta name=\"twitter:data1\" content=\"1 minute\" \/>\n<script type=\"application\/ld+json\" class=\"yoast-schema-graph\">{\"@context\":\"https:\/\/schema.org\",\"@graph\":[{\"@type\":\"WebPage\",\"@id\":\"http:\/\/comnova.de\/website\/de\/leistungen\/td-distributor-de\/tr-5i-series-de\/\",\"url\":\"http:\/\/comnova.de\/website\/de\/leistungen\/td-distributor-de\/tr-5i-series-de\/\",\"name\":\"TR-5i Series de - Comnova GmbH\",\"isPartOf\":{\"@id\":\"http:\/\/comnova.de\/website\/#website\"},\"primaryImageOfPage\":{\"@id\":\"http:\/\/comnova.de\/website\/de\/leistungen\/td-distributor-de\/tr-5i-series-de\/#primaryimage\"},\"image\":{\"@id\":\"http:\/\/comnova.de\/website\/de\/leistungen\/td-distributor-de\/tr-5i-series-de\/#primaryimage\"},\"thumbnailUrl\":\"http:\/\/comnova.de\/website\/wp-content\/uploads\/2024\/11\/TR-51i.jpg\",\"datePublished\":\"2024-11-13T23:32:39+00:00\",\"dateModified\":\"2024-11-22T05:59:21+00:00\",\"breadcrumb\":{\"@id\":\"http:\/\/comnova.de\/website\/de\/leistungen\/td-distributor-de\/tr-5i-series-de\/#breadcrumb\"},\"inLanguage\":\"en-US\",\"potentialAction\":[{\"@type\":\"ReadAction\",\"target\":[\"http:\/\/comnova.de\/website\/de\/leistungen\/td-distributor-de\/tr-5i-series-de\/\"]}]},{\"@type\":\"ImageObject\",\"inLanguage\":\"en-US\",\"@id\":\"http:\/\/comnova.de\/website\/de\/leistungen\/td-distributor-de\/tr-5i-series-de\/#primaryimage\",\"url\":\"http:\/\/comnova.de\/website\/wp-content\/uploads\/2024\/11\/TR-51i.jpg\",\"contentUrl\":\"http:\/\/comnova.de\/website\/wp-content\/uploads\/2024\/11\/TR-51i.jpg\",\"width\":190,\"height\":111},{\"@type\":\"BreadcrumbList\",\"@id\":\"http:\/\/comnova.de\/website\/de\/leistungen\/td-distributor-de\/tr-5i-series-de\/#breadcrumb\",\"itemListElement\":[{\"@type\":\"ListItem\",\"position\":1,\"name\":\"Home\",\"item\":\"http:\/\/comnova.de\/website\/en\/comnova-gmbh-specializing-in-automation-gmp-services-td-distributor\/\"},{\"@type\":\"ListItem\",\"position\":2,\"name\":\"Leistungen\",\"item\":\"http:\/\/comnova.de\/website\/de\/leistungen\/\"},{\"@type\":\"ListItem\",\"position\":3,\"name\":\"T&amp;D Distributor-de\",\"item\":\"http:\/\/comnova.de\/website\/de\/leistungen\/td-distributor-de\/\"},{\"@type\":\"ListItem\",\"position\":4,\"name\":\"TR-5i Series de\"}]},{\"@type\":\"WebSite\",\"@id\":\"http:\/\/comnova.de\/website\/#website\",\"url\":\"http:\/\/comnova.de\/website\/\",\"name\":\"Comnova GmbH\",\"description\":\"Automation &amp; Services\",\"publisher\":{\"@id\":\"http:\/\/comnova.de\/website\/#organization\"},\"potentialAction\":[{\"@type\":\"SearchAction\",\"target\":{\"@type\":\"EntryPoint\",\"urlTemplate\":\"http:\/\/comnova.de\/website\/?s={search_term_string}\"},\"query-input\":{\"@type\":\"PropertyValueSpecification\",\"valueRequired\":true,\"valueName\":\"search_term_string\"}}],\"inLanguage\":\"en-US\"},{\"@type\":\"Organization\",\"@id\":\"http:\/\/comnova.de\/website\/#organization\",\"name\":\"Comnova GmbH\",\"url\":\"http:\/\/comnova.de\/website\/\",\"logo\":{\"@type\":\"ImageObject\",\"inLanguage\":\"en-US\",\"@id\":\"http:\/\/comnova.de\/website\/#\/schema\/logo\/image\/\",\"url\":\"http:\/\/comnova.de\/website\/wp-content\/uploads\/2024\/08\/comnova-gmbh-logo.png\",\"contentUrl\":\"http:\/\/comnova.de\/website\/wp-content\/uploads\/2024\/08\/comnova-gmbh-logo.png\",\"width\":300,\"height\":124,\"caption\":\"Comnova GmbH\"},\"image\":{\"@id\":\"http:\/\/comnova.de\/website\/#\/schema\/logo\/image\/\"}}]}<\/script>\n<!-- \/ Yoast SEO plugin. -->","yoast_head_json":{"title":"TR-5i Series de - Comnova GmbH","robots":{"index":"index","follow":"follow","max-snippet":"max-snippet:-1","max-image-preview":"max-image-preview:large","max-video-preview":"max-video-preview:-1"},"canonical":"http:\/\/comnova.de\/website\/de\/leistungen\/td-distributor-de\/tr-5i-series-de\/","og_locale":"en_US","og_type":"article","og_title":"TR-5i Series de - Comnova GmbH","og_description":"TR-5i Series Unsere TR-5i Serie von Datenloggern ist f\u00fcr die Messung und Aufnahme von Temperaturen, Stromst\u00e4rken zwischen 4mA und 20mA und Impulsen geeignet. Der K\u00f6rper des Datenloggers ist wasserdicht und ist f\u00fcr ein Temperaturumfeld von -40\u00b0C bis zu 80\u00b0C entworfen. Des weiteren kann der mit Batteriestrom versorgte Datenlogger auch an Orten eingesetzt werden, an denen [&hellip;]","og_url":"http:\/\/comnova.de\/website\/de\/leistungen\/td-distributor-de\/tr-5i-series-de\/","og_site_name":"Comnova GmbH","article_modified_time":"2024-11-22T05:59:21+00:00","og_image":[{"url":"http:\/\/comnova.de\/website\/wp-content\/uploads\/2024\/11\/TR-51i.jpg","type":"","width":"","height":""}],"twitter_card":"summary_large_image","twitter_misc":{"Est. reading time":"1 minute"},"schema":{"@context":"https:\/\/schema.org","@graph":[{"@type":"WebPage","@id":"http:\/\/comnova.de\/website\/de\/leistungen\/td-distributor-de\/tr-5i-series-de\/","url":"http:\/\/comnova.de\/website\/de\/leistungen\/td-distributor-de\/tr-5i-series-de\/","name":"TR-5i Series de - Comnova GmbH","isPartOf":{"@id":"http:\/\/comnova.de\/website\/#website"},"primaryImageOfPage":{"@id":"http:\/\/comnova.de\/website\/de\/leistungen\/td-distributor-de\/tr-5i-series-de\/#primaryimage"},"image":{"@id":"http:\/\/comnova.de\/website\/de\/leistungen\/td-distributor-de\/tr-5i-series-de\/#primaryimage"},"thumbnailUrl":"http:\/\/comnova.de\/website\/wp-content\/uploads\/2024\/11\/TR-51i.jpg","datePublished":"2024-11-13T23:32:39+00:00","dateModified":"2024-11-22T05:59:21+00:00","breadcrumb":{"@id":"http:\/\/comnova.de\/website\/de\/leistungen\/td-distributor-de\/tr-5i-series-de\/#breadcrumb"},"inLanguage":"en-US","potentialAction":[{"@type":"ReadAction","target":["http:\/\/comnova.de\/website\/de\/leistungen\/td-distributor-de\/tr-5i-series-de\/"]}]},{"@type":"ImageObject","inLanguage":"en-US","@id":"http:\/\/comnova.de\/website\/de\/leistungen\/td-distributor-de\/tr-5i-series-de\/#primaryimage","url":"http:\/\/comnova.de\/website\/wp-content\/uploads\/2024\/11\/TR-51i.jpg","contentUrl":"http:\/\/comnova.de\/website\/wp-content\/uploads\/2024\/11\/TR-51i.jpg","width":190,"height":111},{"@type":"BreadcrumbList","@id":"http:\/\/comnova.de\/website\/de\/leistungen\/td-distributor-de\/tr-5i-series-de\/#breadcrumb","itemListElement":[{"@type":"ListItem","position":1,"name":"Home","item":"http:\/\/comnova.de\/website\/en\/comnova-gmbh-specializing-in-automation-gmp-services-td-distributor\/"},{"@type":"ListItem","position":2,"name":"Leistungen","item":"http:\/\/comnova.de\/website\/de\/leistungen\/"},{"@type":"ListItem","position":3,"name":"T&amp;D Distributor-de","item":"http:\/\/comnova.de\/website\/de\/leistungen\/td-distributor-de\/"},{"@type":"ListItem","position":4,"name":"TR-5i Series de"}]},{"@type":"WebSite","@id":"http:\/\/comnova.de\/website\/#website","url":"http:\/\/comnova.de\/website\/","name":"Comnova GmbH","description":"Automation &amp; Services","publisher":{"@id":"http:\/\/comnova.de\/website\/#organization"},"potentialAction":[{"@type":"SearchAction","target":{"@type":"EntryPoint","urlTemplate":"http:\/\/comnova.de\/website\/?s={search_term_string}"},"query-input":{"@type":"PropertyValueSpecification","valueRequired":true,"valueName":"search_term_string"}}],"inLanguage":"en-US"},{"@type":"Organization","@id":"http:\/\/comnova.de\/website\/#organization","name":"Comnova GmbH","url":"http:\/\/comnova.de\/website\/","logo":{"@type":"ImageObject","inLanguage":"en-US","@id":"http:\/\/comnova.de\/website\/#\/schema\/logo\/image\/","url":"http:\/\/comnova.de\/website\/wp-content\/uploads\/2024\/08\/comnova-gmbh-logo.png","contentUrl":"http:\/\/comnova.de\/website\/wp-content\/uploads\/2024\/08\/comnova-gmbh-logo.png","width":300,"height":124,"caption":"Comnova GmbH"},"image":{"@id":"http:\/\/comnova.de\/website\/#\/schema\/logo\/image\/"}}]}},"uagb_featured_image_src":{"full":false,"thumbnail":false,"medium":false,"medium_large":false,"large":false,"1536x1536":false,"2048x2048":false},"uagb_author_info":{"display_name":"is","author_link":"http:\/\/comnova.de\/website\/author\/is\/"},"uagb_comment_info":0,"uagb_excerpt":"TR-5i Series Unsere TR-5i Serie von Datenloggern ist f\u00fcr die Messung und Aufnahme von Temperaturen, Stromst\u00e4rken zwischen 4mA und 20mA und Impulsen geeignet. Der K\u00f6rper des Datenloggers ist wasserdicht und ist f\u00fcr ein Temperaturumfeld von -40\u00b0C bis zu 80\u00b0C entworfen. Des weiteren kann der mit Batteriestrom versorgte Datenlogger auch an Orten eingesetzt werden, an denen&hellip;","_links":{"self":[{"href":"http:\/\/comnova.de\/website\/wp-json\/wp\/v2\/pages\/2707","targetHints":{"allow":["GET"]}}],"collection":[{"href":"http:\/\/comnova.de\/website\/wp-json\/wp\/v2\/pages"}],"about":[{"href":"http:\/\/comnova.de\/website\/wp-json\/wp\/v2\/types\/page"}],"author":[{"embeddable":true,"href":"http:\/\/comnova.de\/website\/wp-json\/wp\/v2\/users\/1"}],"replies":[{"embeddable":true,"href":"http:\/\/comnova.de\/website\/wp-json\/wp\/v2\/comments?post=2707"}],"version-history":[{"count":0,"href":"http:\/\/comnova.de\/website\/wp-json\/wp\/v2\/pages\/2707\/revisions"}],"up":[{"embeddable":true,"href":"http:\/\/comnova.de\/website\/wp-json\/wp\/v2\/pages\/2190"}],"wp:attachment":[{"href":"http:\/\/comnova.de\/website\/wp-json\/wp\/v2\/media?parent=2707"}],"curies":[{"name":"wp","href":"https:\/\/api.w.org\/{rel}","templated":true}]}}