{"id":2232,"date":"2024-08-04T23:52:48","date_gmt":"2024-08-04T21:52:48","guid":{"rendered":"http:\/\/comnova.de\/website\/?page_id=2232"},"modified":"2025-05-20T02:48:11","modified_gmt":"2025-05-20T00:48:11","slug":"projektbeispiele","status":"publish","type":"page","link":"http:\/\/comnova.de\/website\/de\/projektbeispiele\/","title":{"rendered":"Projektbeispiele"},"content":{"rendered":"\n<p class=\"has-text-color has-link-color wp-elements-38dc578ac5afed3fbfb8d28fabd44869\" style=\"color:#b81a1a;font-size:30px\">Projektbeispiele<\/p>\n\n\n\n<div style=\"height:50px\" aria-hidden=\"true\" class=\"wp-block-spacer\"><\/div>\n\n\n\n<p class=\"has-text-color has-link-color has-medium-font-size wp-elements-ba17969994bd962078a786dee2606e72\" style=\"color:#b81a1a\"><strong>Automatisierungsl\u00f6sung Pharmabranche<\/strong><\/p>\n\n\n\n<p><strong>Automatisierungsl\u00f6sung f\u00fcr den Betrieb eines Forschungs- und Produktionsgeb\u00e4udes<\/strong><\/p>\n\n\n\n<p>F\u00fcr einen weltweit f\u00fchrenden Pharma-Hersteller liefert die COMNOVA seit vielen Jahren Automatisierungsl\u00f6sungen rund um den Betrieb der Forschungs- und Produktionsgeb\u00e4ude sowie der Spezial-Anlagen (Planung, Umsetzung und Betreuung). Dies beinhaltet im Besonderen die folgenden Bereiche: Automatisierung von Klima- und Reinraum-Anlagen sowie Automatisierung redundanter Tiefk\u00e4ltetechnik.<\/p>\n\n\n\n<div style=\"height:50px\" aria-hidden=\"true\" class=\"wp-block-spacer\"><\/div>\n\n\n\n<p class=\"has-text-color has-link-color has-medium-font-size wp-elements-9eb6a665d1ed32c25d22493584445dd1\" style=\"color:#b81a1a\"><strong>Automatisierungsl\u00f6sung Energiewirtschaft<\/strong><\/p>\n\n\n\n<p><strong>Automatisierungsl\u00f6sung f\u00fcr Fernw\u00e4rme- und Kondensatr\u00fcckf\u00fchranlagen<\/strong><\/p>\n\n\n\n<p>Ein regionaler Versorger f\u00fcr Strom, Wasser und W\u00e4rme vertraut auf Automatisierungsl\u00f6sungen der COMNOVA f\u00fcr Fernw\u00e4rme und Kondensatr\u00fcckf\u00fchranlagen. Das Projekt beinhaltet eine leistungsstarke Leitstand- und Fernwirktechnik (Planung, Einf\u00fchrung und Betreuung)<\/p>\n\n\n\n<div style=\"height:50px\" aria-hidden=\"true\" class=\"wp-block-spacer\"><\/div>\n\n\n\n<p class=\"has-text-color has-link-color has-medium-font-size wp-elements-1ec805627652c2dde4f20233ebd637ba\" style=\"color:#b81a1a\"><strong>GMP- Services<\/strong><\/p>\n\n\n\n<p><strong>GMP-Dienstleistungen f\u00fcr die Pharmabranche<\/strong><\/p>\n\n\n\n<p>COMNOVA unterst\u00fctzt ein namhaftes, international operierendes Pharmaunternehmen seit vielen Jahren in puncto GMP-Services. In erster Linie umfasst dies die folgenden Aufgaben: Qualifizierung, Requalifizierung von K\u00e4lte-, Reinraumanlagen, Autoklaven, Hei\u00dfluftsterilisatoren und Prozess-Leitsystemen.<\/p>\n","protected":false},"excerpt":{"rendered":"<p>Projektbeispiele Automatisierungsl\u00f6sung Pharmabranche Automatisierungsl\u00f6sung f\u00fcr den Betrieb eines Forschungs- und Produktionsgeb\u00e4udes F\u00fcr einen weltweit f\u00fchrenden Pharma-Hersteller liefert die COMNOVA seit vielen Jahren Automatisierungsl\u00f6sungen rund um den Betrieb der Forschungs- und Produktionsgeb\u00e4ude sowie der Spezial-Anlagen (Planung, Umsetzung und Betreuung). Dies beinhaltet im Besonderen die folgenden Bereiche: Automatisierung von Klima- und Reinraum-Anlagen sowie Automatisierung redundanter Tiefk\u00e4ltetechnik. Automatisierungsl\u00f6sung [&hellip;]<\/p>\n","protected":false},"author":1,"featured_media":0,"parent":0,"menu_order":0,"comment_status":"closed","ping_status":"closed","template":"","meta":{"_uag_custom_page_level_css":"","site-sidebar-layout":"default","site-content-layout":"","ast-site-content-layout":"default","site-content-style":"default","site-sidebar-style":"default","ast-global-header-display":"","ast-banner-title-visibility":"","ast-main-header-display":"","ast-hfb-above-header-display":"","ast-hfb-below-header-display":"","ast-hfb-mobile-header-display":"","site-post-title":"disabled","ast-breadcrumbs-content":"","ast-featured-img":"","footer-sml-layout":"","theme-transparent-header-meta":"","adv-header-id-meta":"","stick-header-meta":"","header-above-stick-meta":"","header-main-stick-meta":"","header-below-stick-meta":"","astra-migrate-meta-layouts":"set","ast-page-background-enabled":"default","ast-page-background-meta":{"desktop":{"background-color":"var(--ast-global-color-4)","background-image":"","background-repeat":"repeat","background-position":"center center","background-size":"auto","background-attachment":"scroll","background-type":"","background-media":"","overlay-type":"","overlay-color":"","overlay-opacity":"","overlay-gradient":""},"tablet":{"background-color":"","background-image":"","background-repeat":"repeat","background-position":"center center","background-size":"auto","background-attachment":"scroll","background-type":"","background-media":"","overlay-type":"","overlay-color":"","overlay-opacity":"","overlay-gradient":""},"mobile":{"background-color":"","background-image":"","background-repeat":"repeat","background-position":"center center","background-size":"auto","background-attachment":"scroll","background-type":"","background-media":"","overlay-type":"","overlay-color":"","overlay-opacity":"","overlay-gradient":""}},"ast-content-background-meta":{"desktop":{"background-color":"var(--ast-global-color-5)","background-image":"","background-repeat":"repeat","background-position":"center center","background-size":"auto","background-attachment":"scroll","background-type":"","background-media":"","overlay-type":"","overlay-color":"","overlay-opacity":"","overlay-gradient":""},"tablet":{"background-color":"var(--ast-global-color-5)","background-image":"","background-repeat":"repeat","background-position":"center center","background-size":"auto","background-attachment":"scroll","background-type":"","background-media":"","overlay-type":"","overlay-color":"","overlay-opacity":"","overlay-gradient":""},"mobile":{"background-color":"var(--ast-global-color-5)","background-image":"","background-repeat":"repeat","background-position":"center center","background-size":"auto","background-attachment":"scroll","background-type":"","background-media":"","overlay-type":"","overlay-color":"","overlay-opacity":"","overlay-gradient":""}},"footnotes":""},"class_list":["post-2232","page","type-page","status-publish","hentry"],"yoast_head":"<!-- This site is optimized with the Yoast SEO plugin v25.3 - https:\/\/yoast.com\/wordpress\/plugins\/seo\/ -->\n<title>Projektbeispiele - Comnova GmbH<\/title>\n<meta name=\"description\" content=\"COMNOVA ist Ihr Partner rund um Automatisierung, MSR-Technik, GMP-Services, solare K\u00fchlsysteme und zuverl\u00e4ssiger T&amp;D Distributor\" \/>\n<meta name=\"robots\" content=\"index, follow, max-snippet:-1, max-image-preview:large, max-video-preview:-1\" \/>\n<link rel=\"canonical\" href=\"http:\/\/comnova.de\/website\/de\/projektbeispiele\/\" \/>\n<meta property=\"og:locale\" content=\"en_US\" \/>\n<meta property=\"og:type\" content=\"article\" \/>\n<meta property=\"og:title\" content=\"Projektbeispiele - Comnova GmbH\" \/>\n<meta property=\"og:description\" content=\"COMNOVA ist Ihr Partner rund um Automatisierung, MSR-Technik, GMP-Services, solare K\u00fchlsysteme und zuverl\u00e4ssiger T&amp;D Distributor\" \/>\n<meta property=\"og:url\" content=\"http:\/\/comnova.de\/website\/de\/projektbeispiele\/\" \/>\n<meta property=\"og:site_name\" content=\"Comnova GmbH\" \/>\n<meta property=\"article:modified_time\" content=\"2025-05-20T00:48:11+00:00\" \/>\n<meta name=\"twitter:card\" content=\"summary_large_image\" \/>\n<meta name=\"twitter:label1\" content=\"Est. reading time\" \/>\n\t<meta name=\"twitter:data1\" content=\"1 minute\" \/>\n<script type=\"application\/ld+json\" class=\"yoast-schema-graph\">{\"@context\":\"https:\/\/schema.org\",\"@graph\":[{\"@type\":\"WebPage\",\"@id\":\"http:\/\/comnova.de\/website\/de\/projektbeispiele\/\",\"url\":\"http:\/\/comnova.de\/website\/de\/projektbeispiele\/\",\"name\":\"Projektbeispiele - Comnova GmbH\",\"isPartOf\":{\"@id\":\"http:\/\/comnova.de\/website\/#website\"},\"datePublished\":\"2024-08-04T21:52:48+00:00\",\"dateModified\":\"2025-05-20T00:48:11+00:00\",\"description\":\"COMNOVA ist Ihr Partner rund um Automatisierung, MSR-Technik, GMP-Services, solare K\u00fchlsysteme und zuverl\u00e4ssiger T&D Distributor\",\"breadcrumb\":{\"@id\":\"http:\/\/comnova.de\/website\/de\/projektbeispiele\/#breadcrumb\"},\"inLanguage\":\"en-US\",\"potentialAction\":[{\"@type\":\"ReadAction\",\"target\":[\"http:\/\/comnova.de\/website\/de\/projektbeispiele\/\"]}]},{\"@type\":\"BreadcrumbList\",\"@id\":\"http:\/\/comnova.de\/website\/de\/projektbeispiele\/#breadcrumb\",\"itemListElement\":[{\"@type\":\"ListItem\",\"position\":1,\"name\":\"Home\",\"item\":\"http:\/\/comnova.de\/website\/en\/comnova-gmbh-specializing-in-automation-gmp-services-td-distributor\/\"},{\"@type\":\"ListItem\",\"position\":2,\"name\":\"Projektbeispiele\"}]},{\"@type\":\"WebSite\",\"@id\":\"http:\/\/comnova.de\/website\/#website\",\"url\":\"http:\/\/comnova.de\/website\/\",\"name\":\"Comnova GmbH\",\"description\":\"Automation &amp; Services\",\"publisher\":{\"@id\":\"http:\/\/comnova.de\/website\/#organization\"},\"potentialAction\":[{\"@type\":\"SearchAction\",\"target\":{\"@type\":\"EntryPoint\",\"urlTemplate\":\"http:\/\/comnova.de\/website\/?s={search_term_string}\"},\"query-input\":{\"@type\":\"PropertyValueSpecification\",\"valueRequired\":true,\"valueName\":\"search_term_string\"}}],\"inLanguage\":\"en-US\"},{\"@type\":\"Organization\",\"@id\":\"http:\/\/comnova.de\/website\/#organization\",\"name\":\"Comnova GmbH\",\"url\":\"http:\/\/comnova.de\/website\/\",\"logo\":{\"@type\":\"ImageObject\",\"inLanguage\":\"en-US\",\"@id\":\"http:\/\/comnova.de\/website\/#\/schema\/logo\/image\/\",\"url\":\"http:\/\/comnova.de\/website\/wp-content\/uploads\/2024\/08\/comnova-gmbh-logo.png\",\"contentUrl\":\"http:\/\/comnova.de\/website\/wp-content\/uploads\/2024\/08\/comnova-gmbh-logo.png\",\"width\":300,\"height\":124,\"caption\":\"Comnova GmbH\"},\"image\":{\"@id\":\"http:\/\/comnova.de\/website\/#\/schema\/logo\/image\/\"}}]}<\/script>\n<!-- \/ Yoast SEO plugin. -->","yoast_head_json":{"title":"Projektbeispiele - Comnova GmbH","description":"COMNOVA ist Ihr Partner rund um Automatisierung, MSR-Technik, GMP-Services, solare K\u00fchlsysteme und zuverl\u00e4ssiger T&D Distributor","robots":{"index":"index","follow":"follow","max-snippet":"max-snippet:-1","max-image-preview":"max-image-preview:large","max-video-preview":"max-video-preview:-1"},"canonical":"http:\/\/comnova.de\/website\/de\/projektbeispiele\/","og_locale":"en_US","og_type":"article","og_title":"Projektbeispiele - Comnova GmbH","og_description":"COMNOVA ist Ihr Partner rund um Automatisierung, MSR-Technik, GMP-Services, solare K\u00fchlsysteme und zuverl\u00e4ssiger T&D Distributor","og_url":"http:\/\/comnova.de\/website\/de\/projektbeispiele\/","og_site_name":"Comnova GmbH","article_modified_time":"2025-05-20T00:48:11+00:00","twitter_card":"summary_large_image","twitter_misc":{"Est. reading time":"1 minute"},"schema":{"@context":"https:\/\/schema.org","@graph":[{"@type":"WebPage","@id":"http:\/\/comnova.de\/website\/de\/projektbeispiele\/","url":"http:\/\/comnova.de\/website\/de\/projektbeispiele\/","name":"Projektbeispiele - Comnova GmbH","isPartOf":{"@id":"http:\/\/comnova.de\/website\/#website"},"datePublished":"2024-08-04T21:52:48+00:00","dateModified":"2025-05-20T00:48:11+00:00","description":"COMNOVA ist Ihr Partner rund um Automatisierung, MSR-Technik, GMP-Services, solare K\u00fchlsysteme und zuverl\u00e4ssiger T&D Distributor","breadcrumb":{"@id":"http:\/\/comnova.de\/website\/de\/projektbeispiele\/#breadcrumb"},"inLanguage":"en-US","potentialAction":[{"@type":"ReadAction","target":["http:\/\/comnova.de\/website\/de\/projektbeispiele\/"]}]},{"@type":"BreadcrumbList","@id":"http:\/\/comnova.de\/website\/de\/projektbeispiele\/#breadcrumb","itemListElement":[{"@type":"ListItem","position":1,"name":"Home","item":"http:\/\/comnova.de\/website\/en\/comnova-gmbh-specializing-in-automation-gmp-services-td-distributor\/"},{"@type":"ListItem","position":2,"name":"Projektbeispiele"}]},{"@type":"WebSite","@id":"http:\/\/comnova.de\/website\/#website","url":"http:\/\/comnova.de\/website\/","name":"Comnova GmbH","description":"Automation &amp; Services","publisher":{"@id":"http:\/\/comnova.de\/website\/#organization"},"potentialAction":[{"@type":"SearchAction","target":{"@type":"EntryPoint","urlTemplate":"http:\/\/comnova.de\/website\/?s={search_term_string}"},"query-input":{"@type":"PropertyValueSpecification","valueRequired":true,"valueName":"search_term_string"}}],"inLanguage":"en-US"},{"@type":"Organization","@id":"http:\/\/comnova.de\/website\/#organization","name":"Comnova GmbH","url":"http:\/\/comnova.de\/website\/","logo":{"@type":"ImageObject","inLanguage":"en-US","@id":"http:\/\/comnova.de\/website\/#\/schema\/logo\/image\/","url":"http:\/\/comnova.de\/website\/wp-content\/uploads\/2024\/08\/comnova-gmbh-logo.png","contentUrl":"http:\/\/comnova.de\/website\/wp-content\/uploads\/2024\/08\/comnova-gmbh-logo.png","width":300,"height":124,"caption":"Comnova GmbH"},"image":{"@id":"http:\/\/comnova.de\/website\/#\/schema\/logo\/image\/"}}]}},"uagb_featured_image_src":{"full":false,"thumbnail":false,"medium":false,"medium_large":false,"large":false,"1536x1536":false,"2048x2048":false},"uagb_author_info":{"display_name":"is","author_link":"http:\/\/comnova.de\/website\/author\/is\/"},"uagb_comment_info":0,"uagb_excerpt":"Projektbeispiele Automatisierungsl\u00f6sung Pharmabranche Automatisierungsl\u00f6sung f\u00fcr den Betrieb eines Forschungs- und Produktionsgeb\u00e4udes F\u00fcr einen weltweit f\u00fchrenden Pharma-Hersteller liefert die COMNOVA seit vielen Jahren Automatisierungsl\u00f6sungen rund um den Betrieb der Forschungs- und Produktionsgeb\u00e4ude sowie der Spezial-Anlagen (Planung, Umsetzung und Betreuung). Dies beinhaltet im Besonderen die folgenden Bereiche: Automatisierung von Klima- und Reinraum-Anlagen sowie Automatisierung redundanter Tiefk\u00e4ltetechnik. Automatisierungsl\u00f6sung&hellip;","_links":{"self":[{"href":"http:\/\/comnova.de\/website\/wp-json\/wp\/v2\/pages\/2232","targetHints":{"allow":["GET"]}}],"collection":[{"href":"http:\/\/comnova.de\/website\/wp-json\/wp\/v2\/pages"}],"about":[{"href":"http:\/\/comnova.de\/website\/wp-json\/wp\/v2\/types\/page"}],"author":[{"embeddable":true,"href":"http:\/\/comnova.de\/website\/wp-json\/wp\/v2\/users\/1"}],"replies":[{"embeddable":true,"href":"http:\/\/comnova.de\/website\/wp-json\/wp\/v2\/comments?post=2232"}],"version-history":[{"count":0,"href":"http:\/\/comnova.de\/website\/wp-json\/wp\/v2\/pages\/2232\/revisions"}],"wp:attachment":[{"href":"http:\/\/comnova.de\/website\/wp-json\/wp\/v2\/media?parent=2232"}],"curies":[{"name":"wp","href":"https:\/\/api.w.org\/{rel}","templated":true}]}}