{"id":2222,"date":"2024-08-04T23:30:53","date_gmt":"2024-08-04T21:30:53","guid":{"rendered":"http:\/\/comnova.de\/website\/?page_id=2222"},"modified":"2025-05-20T02:43:04","modified_gmt":"2025-05-20T00:43:04","slug":"automation-de","status":"publish","type":"page","link":"http:\/\/comnova.de\/website\/de\/leistungen\/automation-de\/","title":{"rendered":"Automation de"},"content":{"rendered":"\n<p class=\"has-text-color has-link-color wp-elements-ce697d8acd3878520ec89aa131cbcc56\" style=\"color:#b81a1a;font-size:30px\">Automation<\/p>\n\n\n\n<p class=\"has-text-color has-link-color has-medium-font-size wp-elements-5f01b1b25f87fb103172435708e3ce90\" style=\"color:#b81a1a\"><strong>Spezialist f\u00fcr Infrastruktur-L\u00f6sungen in der Industrie<\/strong><\/p>\n\n\n\n<p>Als wegweisendes Technologieunternehmen bieten wir Ihnen leistungsstarke L\u00f6sungen in der Automatisierungstechnik mit Schwerpunkt Industrieanlagen. Unsere hoch qualifizierten Ingenieure setzen f\u00fcr Sie komplexe Aufgabenstellungen in der MSR-Technik (Mess-, Steuerungs- und Regelungstechnik) um. Zudem begleiten wir Sie im gesamten Lebenszyklus Ihrer Investition Besonderes Augenmerk legen wir darauf, die Nachhaltigkeit Ihrer automatisierungstechnischen Anlagen zu sichern.<\/p>\n\n\n\n<p>Wir implementierensetzen Komponenten unterschiedlicher Hersteller. Als Schwerpunkt verwenden wir Produkte des Schweizer Steuerungs- und Regelungsspezialisten SBC. Als deren zertifizierter Kooperationspartner verf\u00fcgen wir hierbei \u00fcber die h\u00f6chste Stufe der Systempartnerschaft.<\/p>\n\n\n\n<p>Um automatisierungstechnische Anlagen effizient betreiben zu k\u00f6nnen, sind moderne Leit- und Bediensysteme unabdingbar. Gerne integrieren wir f\u00fcr Sie die passende L\u00f6sung und setzen auch hier Systeme unterschiedlicher Hersteller ein. Besonders bew\u00e4hrt hat sich das Produkt Visi+ des Herstellers SBC.<\/p>\n\n\n\n<p>Auf Kundenwunsch integrieren wir z. B. auch Siemens S-7-Komponenten, Echtzeit-Automatisierungssysteme und andere spezielle L\u00f6sungen.<\/p>\n\n\n\n<div style=\"height:50px\" aria-hidden=\"true\" class=\"wp-block-spacer\"><\/div>\n\n\n\n<p class=\"has-ast-global-color-4-color has-text-color has-background has-link-color has-medium-font-size wp-elements-be69024ce828bc0d320839eb7f1ffb78\" style=\"background-color:#737374\">Anlagetypen<\/p>\n\n\n\n<div style=\"height:20px\" aria-hidden=\"true\" class=\"wp-block-spacer\"><\/div>\n\n\n\n<p style=\"margin-bottom:var(--wp--preset--spacing--20)\"><a href=\"http:\/\/comnova.info\/automation\/#\"><strong>Klima- und Reinraumanlagen<\/strong><\/a><\/p>\n\n\n\n<p>F\u00fcr den effizienten Betrieb von Klimaanlagen ist eine passgenaue Automatisierung notwendig. COMNOVA legt hier den Fokus auf Energieeinsparung und Betriebssicherheit.<br>Im Bereich der Reinraum-Produktion sind spezielle Klimaanlagen notwendig, die gew\u00e4hrleisten, dass \u00fcber die Luft keine Partikel und Keime in diese Bereiche eindringen. Die hierf\u00fcr notwendige MSR-Technik liefert COMNOVA z. B. f\u00fcr die Pharma- und Halbleiterindustrie.<\/p>\n\n\n\n<p style=\"margin-bottom:var(--wp--preset--spacing--20)\"><a href=\"http:\/\/comnova.info\/automation\/#\"><strong>K\u00e4lte- und Tiefk\u00e4lteanlagen<\/strong><\/a><\/p>\n\n\n\n<p>Die COMNOVA hat f\u00fcr den optimalen Betrieb von K\u00e4lte- und Tiefk\u00e4lteanlagen spezielle Regelungsalgorhythmen entwickelt. Durch den Einsatz unserer individuell erstellten Automatisierungstechnik k\u00f6nnen Anlagenzust\u00e4nde visualisiert und verfolgt werden. Somit sind herk\u00f6mmliche K\u00fchlstellenregler, die normalerweise als Black-Box fungieren nicht mehr notwendig. So erzielen Sie maximale Transparenz in Ihren verfahrenstechnischen Abl\u00e4ufen.<\/p>\n\n\n\n<p style=\"margin-bottom:var(--wp--preset--spacing--20)\"><a href=\"http:\/\/comnova.info\/automation\/#\"><strong>Heiztechnik<\/strong><\/a><\/p>\n\n\n\n<p>Durch \u00fcbergeordnete Steuer- und Regelsysteme k\u00f6nnen beispielsweise effiziente Folgeschaltungen f\u00fcr Blockheizkraftwerke und Gaskessel realisiert werden. Ziel ist den Einsatz von Prim\u00e4renergie so gering wie m\u00f6glich zu halten. Sie ziehen einen enormen Nutzen daraus: In Zeiten hoher Energiekosten k\u00f6nnen Sie durch passgenaue Automatisierung erhebliche Kosteneinsparungen erzielen.<\/p>\n\n\n\n<p style=\"margin-bottom:var(--wp--preset--spacing--20)\"><a href=\"http:\/\/comnova.info\/automation\/#\"><strong>Solare K\u00fchlung<\/strong><\/a><\/p>\n\n\n\n<p>Die COMNOVA bietet Ihnen hoch innovative solare K\u00fchlsysteme, die ohne den Einsatz von Prim\u00e4renergie auskommen. In Zusammenarbeit mit einem kompetenten Partner aus dem verfahrenstechnischen Anlagenbau hat die COMNOVA ein spezielles Verfahren entwickelt, um aus hei\u00dfem Wasser kaltes Wasser zu erzeugen. Auf diese Weise k\u00f6nnen bei Hitze B\u00fcror\u00e4ume ohne Einsatz von Strom gek\u00fchlt werden. Vorhandene Energie aus der Sonne wird einfach in das verwandelt, was gerade gebraucht wird. Bei steigenden Energiepreisen ist das ein Pluspunkt, der \u00fcberzeugt!<\/p>\n\n\n\n<p style=\"margin-bottom:var(--wp--preset--spacing--20)\"><a href=\"http:\/\/comnova.info\/automation\/#\"><strong>Fernw\u00e4rme\/Kondensatr\u00fcckf\u00f6rderanlagen<\/strong><\/a><\/p>\n\n\n\n<p>Mit der leistungsstarken Regelungstechnik der COMNOVA k\u00f6nnen gro\u00dfe Energieversorger ihre Fernw\u00e4rmenetze optimal betreiben. Dabei implementiert die COMNOVA die zentrale Leittechnik zur Steuerung der verschiedenen dezentralen Anlagen. Pr\u00e4ventives Agieren wird auf diese Weise erm\u00f6glicht. Probleme und eventuelle St\u00f6rungen werden sofort erkannt und k\u00f6nnen unverz\u00fcglich behoben werden. So erzielen Sie optimalen Kundenservice!<\/p>\n\n\n\n<p style=\"margin-bottom:var(--wp--preset--spacing--20)\"><a href=\"http:\/\/comnova.info\/automation\/#\"><strong>Industrieanlagen<\/strong><\/a><\/p>\n\n\n\n<p>Die COMNOVA bietet f\u00fcr Sonderanlagen im industriellen Umfeld ma\u00dfgeschneiderte Automatisierungsl\u00f6sungen. Aufgrund unseres breiten verfahrenstechnischen Know-hows verstehen wir sowohl die Technik als auch die Gesamtprozesse und Abl\u00e4ufe. Nutzen Sie unser ganzheitliches Wissen f\u00fcr Ihr Unternehmen!<\/p>\n\n\n\n<div style=\"height:50px\" aria-hidden=\"true\" class=\"wp-block-spacer\"><\/div>\n\n\n\n<p class=\"has-ast-global-color-4-color has-text-color has-background has-link-color has-medium-font-size wp-elements-ead1f52f4f930f43b10fa28d8cfe4f16\" style=\"background-color:#737374\">Lebenszyklus<\/p>\n\n\n\n<div style=\"height:20px\" aria-hidden=\"true\" class=\"wp-block-spacer\"><\/div>\n\n\n\n<p style=\"margin-bottom:var(--wp--preset--spacing--20)\"><a href=\"http:\/\/comnova.info\/automation\/#\"><strong>Aufnahme Kundenanforderung<\/strong><\/a><\/p>\n\n\n\n<p>Wir h\u00f6ren Ihnen zu! Wir wollen Ihre Ausgangssituation und Ihre Ziele genau verstehen und Ihre Anforderungen pr\u00e4zise erfassen. Auf dieser Basis entwickeln wir ein Konzept, das passgenau auf Sie abgestimmt ist.<\/p>\n\n\n\n<p style=\"margin-bottom:var(--wp--preset--spacing--20)\"><a href=\"http:\/\/comnova.info\/automation\/#\"><strong>Konzeption &#8211; Planung &#8211; Pflichtenheft<\/strong><\/a><\/p>\n\n\n\n<p>Aus den aufgenommen Anforderungen entwickeln wir f\u00fcr Sie ein individuelles Automatisierungskonzept, das pr\u00e4zise auf Ihren Bedarf abgestimmt ist. Daraus erstellen wir ein Pflichtenheft mit allen relevanten Eckpunkten.<br>So erzielen Sie Klarheit f\u00fcr die Umsetzung und Transparenz in den Ergebnissen.<\/p>\n\n\n\n<p style=\"margin-bottom:var(--wp--preset--spacing--20)\"><a href=\"http:\/\/comnova.info\/automation\/#\"><strong>Umsetzung<\/strong><\/a><\/p>\n\n\n\n<p>Ihre Anforderungen setzen wir zuverl\u00e4ssig, hoch effizient und \u00e4u\u00dferst schnell f\u00fcr Sie um. Wir suchen f\u00fcr Sie die optimale wirtschaftliche L\u00f6sung: Minimale Investitionskosten bei maximaler Leistung.<\/p>\n\n\n\n<p style=\"margin-bottom:var(--wp--preset--spacing--20)\"><a href=\"http:\/\/comnova.info\/automation\/#\"><strong>Betreuung der Investition<\/strong><\/a><\/p>\n\n\n\n<p>Die Nachhaltigkeit Ihrer Investition in die Automatisierung hat f\u00fcr uns h\u00f6chste Priorit\u00e4t. Wir leisten f\u00fcr Sie professionelle Wartung und zuverl\u00e4ssigen Support f\u00fcr Ihre MSR-Technik. Dabei bieten wir Ihnen verschiedene Stufen eines Serviceskonzeptes an. Nach Bedarf leisten wir f\u00fcr sie eine Rund-um-die-Uhr-Betreuung, 24 Stunden am Tag, 7 Tage die Woche. Im Blickpunkt steht, einen optimalen Return-on-Invest und einen m\u00f6glichst langen Lebenszyklus f\u00fcr Ihre Anlagen zu erzielen.<\/p>\n","protected":false},"excerpt":{"rendered":"<p>Automation Spezialist f\u00fcr Infrastruktur-L\u00f6sungen in der Industrie Als wegweisendes Technologieunternehmen bieten wir Ihnen leistungsstarke L\u00f6sungen in der Automatisierungstechnik mit Schwerpunkt Industrieanlagen. Unsere hoch qualifizierten Ingenieure setzen f\u00fcr Sie komplexe Aufgabenstellungen in der MSR-Technik (Mess-, Steuerungs- und Regelungstechnik) um. Zudem begleiten wir Sie im gesamten Lebenszyklus Ihrer Investition Besonderes Augenmerk legen wir darauf, die Nachhaltigkeit Ihrer [&hellip;]<\/p>\n","protected":false},"author":1,"featured_media":0,"parent":2177,"menu_order":0,"comment_status":"closed","ping_status":"closed","template":"","meta":{"_uag_custom_page_level_css":"","site-sidebar-layout":"default","site-content-layout":"","ast-site-content-layout":"default","site-content-style":"default","site-sidebar-style":"default","ast-global-header-display":"","ast-banner-title-visibility":"","ast-main-header-display":"","ast-hfb-above-header-display":"","ast-hfb-below-header-display":"","ast-hfb-mobile-header-display":"","site-post-title":"disabled","ast-breadcrumbs-content":"","ast-featured-img":"","footer-sml-layout":"","theme-transparent-header-meta":"","adv-header-id-meta":"","stick-header-meta":"","header-above-stick-meta":"","header-main-stick-meta":"","header-below-stick-meta":"","astra-migrate-meta-layouts":"set","ast-page-background-enabled":"default","ast-page-background-meta":{"desktop":{"background-color":"var(--ast-global-color-4)","background-image":"","background-repeat":"repeat","background-position":"center center","background-size":"auto","background-attachment":"scroll","background-type":"","background-media":"","overlay-type":"","overlay-color":"","overlay-opacity":"","overlay-gradient":""},"tablet":{"background-color":"","background-image":"","background-repeat":"repeat","background-position":"center center","background-size":"auto","background-attachment":"scroll","background-type":"","background-media":"","overlay-type":"","overlay-color":"","overlay-opacity":"","overlay-gradient":""},"mobile":{"background-color":"","background-image":"","background-repeat":"repeat","background-position":"center center","background-size":"auto","background-attachment":"scroll","background-type":"","background-media":"","overlay-type":"","overlay-color":"","overlay-opacity":"","overlay-gradient":""}},"ast-content-background-meta":{"desktop":{"background-color":"var(--ast-global-color-5)","background-image":"","background-repeat":"repeat","background-position":"center center","background-size":"auto","background-attachment":"scroll","background-type":"","background-media":"","overlay-type":"","overlay-color":"","overlay-opacity":"","overlay-gradient":""},"tablet":{"background-color":"var(--ast-global-color-5)","background-image":"","background-repeat":"repeat","background-position":"center center","background-size":"auto","background-attachment":"scroll","background-type":"","background-media":"","overlay-type":"","overlay-color":"","overlay-opacity":"","overlay-gradient":""},"mobile":{"background-color":"var(--ast-global-color-5)","background-image":"","background-repeat":"repeat","background-position":"center center","background-size":"auto","background-attachment":"scroll","background-type":"","background-media":"","overlay-type":"","overlay-color":"","overlay-opacity":"","overlay-gradient":""}},"footnotes":""},"class_list":["post-2222","page","type-page","status-publish","hentry"],"yoast_head":"<!-- This site is optimized with the Yoast SEO plugin v25.3 - https:\/\/yoast.com\/wordpress\/plugins\/seo\/ -->\n<title>Automation - Comnova GmbH<\/title>\n<meta name=\"description\" content=\"Als wegweisendes Technologieunternehmen bieten wir Ihnen leistungsstarke L\u00f6sungen in der Automatisierungstechnik mit Schwerpunkt Industrieanlagen.\" \/>\n<meta name=\"robots\" content=\"index, follow, max-snippet:-1, max-image-preview:large, max-video-preview:-1\" \/>\n<link rel=\"canonical\" href=\"http:\/\/comnova.de\/website\/de\/leistungen\/automation-de\/\" \/>\n<meta property=\"og:locale\" content=\"en_US\" \/>\n<meta property=\"og:type\" content=\"article\" \/>\n<meta property=\"og:title\" content=\"Automation - Comnova GmbH\" \/>\n<meta property=\"og:description\" content=\"Als wegweisendes Technologieunternehmen bieten wir Ihnen leistungsstarke L\u00f6sungen in der Automatisierungstechnik mit Schwerpunkt Industrieanlagen.\" \/>\n<meta property=\"og:url\" content=\"http:\/\/comnova.de\/website\/de\/leistungen\/automation-de\/\" \/>\n<meta property=\"og:site_name\" content=\"Comnova GmbH\" \/>\n<meta property=\"article:modified_time\" content=\"2025-05-20T00:43:04+00:00\" \/>\n<meta name=\"twitter:card\" content=\"summary_large_image\" \/>\n<meta name=\"twitter:label1\" content=\"Est. reading time\" \/>\n\t<meta name=\"twitter:data1\" content=\"3 minutes\" \/>\n<script type=\"application\/ld+json\" class=\"yoast-schema-graph\">{\"@context\":\"https:\/\/schema.org\",\"@graph\":[{\"@type\":\"WebPage\",\"@id\":\"http:\/\/comnova.de\/website\/de\/leistungen\/automation-de\/\",\"url\":\"http:\/\/comnova.de\/website\/de\/leistungen\/automation-de\/\",\"name\":\"Automation - Comnova GmbH\",\"isPartOf\":{\"@id\":\"http:\/\/comnova.de\/website\/#website\"},\"datePublished\":\"2024-08-04T21:30:53+00:00\",\"dateModified\":\"2025-05-20T00:43:04+00:00\",\"description\":\"Als wegweisendes Technologieunternehmen bieten wir Ihnen leistungsstarke L\u00f6sungen in der Automatisierungstechnik mit Schwerpunkt Industrieanlagen.\",\"breadcrumb\":{\"@id\":\"http:\/\/comnova.de\/website\/de\/leistungen\/automation-de\/#breadcrumb\"},\"inLanguage\":\"en-US\",\"potentialAction\":[{\"@type\":\"ReadAction\",\"target\":[\"http:\/\/comnova.de\/website\/de\/leistungen\/automation-de\/\"]}]},{\"@type\":\"BreadcrumbList\",\"@id\":\"http:\/\/comnova.de\/website\/de\/leistungen\/automation-de\/#breadcrumb\",\"itemListElement\":[{\"@type\":\"ListItem\",\"position\":1,\"name\":\"Home\",\"item\":\"http:\/\/comnova.de\/website\/en\/comnova-gmbh-specializing-in-automation-gmp-services-td-distributor\/\"},{\"@type\":\"ListItem\",\"position\":2,\"name\":\"Leistungen\",\"item\":\"http:\/\/comnova.de\/website\/de\/leistungen\/\"},{\"@type\":\"ListItem\",\"position\":3,\"name\":\"Automation de\"}]},{\"@type\":\"WebSite\",\"@id\":\"http:\/\/comnova.de\/website\/#website\",\"url\":\"http:\/\/comnova.de\/website\/\",\"name\":\"Comnova GmbH\",\"description\":\"Automation &amp; Services\",\"publisher\":{\"@id\":\"http:\/\/comnova.de\/website\/#organization\"},\"potentialAction\":[{\"@type\":\"SearchAction\",\"target\":{\"@type\":\"EntryPoint\",\"urlTemplate\":\"http:\/\/comnova.de\/website\/?s={search_term_string}\"},\"query-input\":{\"@type\":\"PropertyValueSpecification\",\"valueRequired\":true,\"valueName\":\"search_term_string\"}}],\"inLanguage\":\"en-US\"},{\"@type\":\"Organization\",\"@id\":\"http:\/\/comnova.de\/website\/#organization\",\"name\":\"Comnova GmbH\",\"url\":\"http:\/\/comnova.de\/website\/\",\"logo\":{\"@type\":\"ImageObject\",\"inLanguage\":\"en-US\",\"@id\":\"http:\/\/comnova.de\/website\/#\/schema\/logo\/image\/\",\"url\":\"http:\/\/comnova.de\/website\/wp-content\/uploads\/2024\/08\/comnova-gmbh-logo.png\",\"contentUrl\":\"http:\/\/comnova.de\/website\/wp-content\/uploads\/2024\/08\/comnova-gmbh-logo.png\",\"width\":300,\"height\":124,\"caption\":\"Comnova GmbH\"},\"image\":{\"@id\":\"http:\/\/comnova.de\/website\/#\/schema\/logo\/image\/\"}}]}<\/script>\n<!-- \/ Yoast SEO plugin. -->","yoast_head_json":{"title":"Automation - Comnova GmbH","description":"Als wegweisendes Technologieunternehmen bieten wir Ihnen leistungsstarke L\u00f6sungen in der Automatisierungstechnik mit Schwerpunkt Industrieanlagen.","robots":{"index":"index","follow":"follow","max-snippet":"max-snippet:-1","max-image-preview":"max-image-preview:large","max-video-preview":"max-video-preview:-1"},"canonical":"http:\/\/comnova.de\/website\/de\/leistungen\/automation-de\/","og_locale":"en_US","og_type":"article","og_title":"Automation - Comnova GmbH","og_description":"Als wegweisendes Technologieunternehmen bieten wir Ihnen leistungsstarke L\u00f6sungen in der Automatisierungstechnik mit Schwerpunkt Industrieanlagen.","og_url":"http:\/\/comnova.de\/website\/de\/leistungen\/automation-de\/","og_site_name":"Comnova GmbH","article_modified_time":"2025-05-20T00:43:04+00:00","twitter_card":"summary_large_image","twitter_misc":{"Est. reading time":"3 minutes"},"schema":{"@context":"https:\/\/schema.org","@graph":[{"@type":"WebPage","@id":"http:\/\/comnova.de\/website\/de\/leistungen\/automation-de\/","url":"http:\/\/comnova.de\/website\/de\/leistungen\/automation-de\/","name":"Automation - Comnova GmbH","isPartOf":{"@id":"http:\/\/comnova.de\/website\/#website"},"datePublished":"2024-08-04T21:30:53+00:00","dateModified":"2025-05-20T00:43:04+00:00","description":"Als wegweisendes Technologieunternehmen bieten wir Ihnen leistungsstarke L\u00f6sungen in der Automatisierungstechnik mit Schwerpunkt Industrieanlagen.","breadcrumb":{"@id":"http:\/\/comnova.de\/website\/de\/leistungen\/automation-de\/#breadcrumb"},"inLanguage":"en-US","potentialAction":[{"@type":"ReadAction","target":["http:\/\/comnova.de\/website\/de\/leistungen\/automation-de\/"]}]},{"@type":"BreadcrumbList","@id":"http:\/\/comnova.de\/website\/de\/leistungen\/automation-de\/#breadcrumb","itemListElement":[{"@type":"ListItem","position":1,"name":"Home","item":"http:\/\/comnova.de\/website\/en\/comnova-gmbh-specializing-in-automation-gmp-services-td-distributor\/"},{"@type":"ListItem","position":2,"name":"Leistungen","item":"http:\/\/comnova.de\/website\/de\/leistungen\/"},{"@type":"ListItem","position":3,"name":"Automation de"}]},{"@type":"WebSite","@id":"http:\/\/comnova.de\/website\/#website","url":"http:\/\/comnova.de\/website\/","name":"Comnova GmbH","description":"Automation &amp; Services","publisher":{"@id":"http:\/\/comnova.de\/website\/#organization"},"potentialAction":[{"@type":"SearchAction","target":{"@type":"EntryPoint","urlTemplate":"http:\/\/comnova.de\/website\/?s={search_term_string}"},"query-input":{"@type":"PropertyValueSpecification","valueRequired":true,"valueName":"search_term_string"}}],"inLanguage":"en-US"},{"@type":"Organization","@id":"http:\/\/comnova.de\/website\/#organization","name":"Comnova GmbH","url":"http:\/\/comnova.de\/website\/","logo":{"@type":"ImageObject","inLanguage":"en-US","@id":"http:\/\/comnova.de\/website\/#\/schema\/logo\/image\/","url":"http:\/\/comnova.de\/website\/wp-content\/uploads\/2024\/08\/comnova-gmbh-logo.png","contentUrl":"http:\/\/comnova.de\/website\/wp-content\/uploads\/2024\/08\/comnova-gmbh-logo.png","width":300,"height":124,"caption":"Comnova GmbH"},"image":{"@id":"http:\/\/comnova.de\/website\/#\/schema\/logo\/image\/"}}]}},"uagb_featured_image_src":{"full":false,"thumbnail":false,"medium":false,"medium_large":false,"large":false,"1536x1536":false,"2048x2048":false},"uagb_author_info":{"display_name":"is","author_link":"http:\/\/comnova.de\/website\/author\/is\/"},"uagb_comment_info":0,"uagb_excerpt":"Automation Spezialist f\u00fcr Infrastruktur-L\u00f6sungen in der Industrie Als wegweisendes Technologieunternehmen bieten wir Ihnen leistungsstarke L\u00f6sungen in der Automatisierungstechnik mit Schwerpunkt Industrieanlagen. Unsere hoch qualifizierten Ingenieure setzen f\u00fcr Sie komplexe Aufgabenstellungen in der MSR-Technik (Mess-, Steuerungs- und Regelungstechnik) um. Zudem begleiten wir Sie im gesamten Lebenszyklus Ihrer Investition Besonderes Augenmerk legen wir darauf, die Nachhaltigkeit Ihrer&hellip;","_links":{"self":[{"href":"http:\/\/comnova.de\/website\/wp-json\/wp\/v2\/pages\/2222","targetHints":{"allow":["GET"]}}],"collection":[{"href":"http:\/\/comnova.de\/website\/wp-json\/wp\/v2\/pages"}],"about":[{"href":"http:\/\/comnova.de\/website\/wp-json\/wp\/v2\/types\/page"}],"author":[{"embeddable":true,"href":"http:\/\/comnova.de\/website\/wp-json\/wp\/v2\/users\/1"}],"replies":[{"embeddable":true,"href":"http:\/\/comnova.de\/website\/wp-json\/wp\/v2\/comments?post=2222"}],"version-history":[{"count":0,"href":"http:\/\/comnova.de\/website\/wp-json\/wp\/v2\/pages\/2222\/revisions"}],"up":[{"embeddable":true,"href":"http:\/\/comnova.de\/website\/wp-json\/wp\/v2\/pages\/2177"}],"wp:attachment":[{"href":"http:\/\/comnova.de\/website\/wp-json\/wp\/v2\/media?parent=2222"}],"curies":[{"name":"wp","href":"https:\/\/api.w.org\/{rel}","templated":true}]}}